lue of 2 - (-66 + 85 - (7 - -32))?
22
Calculate -93 + 3 - ((4 - -1) + 87 + -21 + -64).
-97
Evaluate 41 - 15 - (57 + -28).
-3
What is the value of -7 + 28 - -2 - 49?
-26
What is the value of -4 + 382 + -401 + -29 + 0?
-52
What is 4 - (50 + -46 + 3 + -3)?
0
Calculate 17 + -7 + (19 - 5) + 9.
33
Calculate (-720 - -769) + (-16 - (2 - (4 - 1))).
34
What is (-6 - 37) + -7 + (-12 - -25)?
-37
What is the value of 2 + ((-9 - -14) + -8 - -16 - (-15 - -148))?
-118
Calculate 132 + -98 + -63 + 93.
64
Calculate 1 + -1 + 14 + -95 - (23 + -6 - 2).
-96
What is 7 - 0 - (0 + 55 - ((-46 - -35) + 25))?
-34
Evaluate 7 - (22 + (107 - (18 + -13))).
-117
What is 49 + (2 + 9 - -24 - 5)?
79
Calculate 38634 + -38670 - (1 + -2 - -8).
-43
Evaluate -1 - 21 - (17 - ((-6 - -46) + -12)).
-11
What is 70 - (-9 - -53) - (144 - -17)?
-135
Evaluate 10 - (33 + (141 - 93)).
-71
What is the value of 17 + -57 + (-280 + 279 - (0 - 1))?
-40
106 + -88 - -10 - 1
27
What is -3 + (5 - -3 - -7) + -6 + -23 + 11?
-6
What is the value of -6 + -21 + 31 + -11?
-7
Evaluate ((0 - -4) + 1 - (-842 + 852)) + -3.
-8
(-13 - 14 - -68) + -6 - 9
26
Calculate -66 - (-75 + 115 + -64).
-42
What is 7 + (-16 - -45) - (52 - -3)?
-19
Evaluate 67 - (21 - (21 + -21 + 4 + 1)).
51
Calculate -61 + 63 + -53 + (1 - 8) + 4.
-54
-28 + (-22 - -36 - 11) + (-20 - -2)
-43
What is the value of 9 - 6 - (-1 + -1) - (-34 + 3 + -9)?
45
What is the value of -4 - -14 - (-2 + 22 + (9 - 1))?
-18
Evaluate 15 + 11 - (-16 - (-9 - 2) - 8).
39
Evaluate (4 - -38) + (49 - 25 - 20) - 0.
46
(72 - 56) + 70 + -47
39
What is 27 + 1 + 10 + (-18 - 7) + 21?
34
-35 + (-31 - 22) + 50
-38
What is -20 + (5 + -21 - -4) + -8?
-40
What is the value of (17 - (10 - 11)) + (22 - 77)?
-37
Evaluate -18 + -2 + (17 - 25 - (-8 + 0 + 7)).
-27
Evaluate (-54 - (-1 + -1)) + (1 - 17) + (40 - 22).
-50
Calculate (-25 - (0 + -5)) + 4 + 764 + -619.
129
(1 - -2 - 11) + -3 + (3 - (78 + -46))
-40
What is 20 + 16 + -20 + 5 + -16?
5
-8 - ((0 - (-8 - -6)) + (-2 + -27 - -1))
18
What is (-315 - -307) + (32 - (7 - 13))?
30
(17 - ((-5 + 30 - 13) + -27)) + 6 + 2
40
Evaluate 10 + (1 + 6 - (20 - 3 - -4)).
-4
What is -119 + (133 - 2) - (1 - (3 + -15))?
-1
What is -8 + 53 - 3 - ((-15 - -16) + -3 + 1)?
43
What is 2 + 5 + (5 - (-4 - 12 - -2))?
26
Evaluate -1152 - -1172 - (-6 + 10 - (-2 + 1)).
15
Calculate 1038 + -1033 - (-1 + -48).
54
What is 31 + 2 - (14 + -6 - (0 + 11))?
36
Calculate (0 - -14 - ((47 - 1) + -39)) + -23.
-16
Evaluate -5 - (0 - 1) - (4126 + -4116).
-14
(12 - (9 + 2 + -11 + 2)) + 40 + -1
49
What is 141 + -134 + (-2 - 47)?
-42
Evaluate -4 + (199 - 219) + (25 - 2).
-1
What is -6 - (-40 - (-12 - 33) - (1 - 3))?
-13
Evaluate -32 - (-1 - -6 - (-291 - -391)).
63
Evaluate 60 + (-63 + 48 - (-52 - -21)).
76
-95 + (-13 + -8 + 39 - (10 + -8 - -9))
-88
Calculate -34 + 1 - (-26 - -13 - 75).
55
-6 - (1 + (4 - 8)) - (26 - -36 - 27)
-38
3 + -14 + (5 - 21) + 26 - (19 + -1)
-19
Evaluate 3 + (-23 - (-33 - (5 - -7)) - (-8 + 0)).
33
What is the value of (-6 + (8 - 5) - 0) + -9 + 39?
27
2914 + -2951 - (-3 - (17 - 0))
-17
Evaluate 25 - (54 - 6 - 44).
21
What is the value of 22 - ((9 - -12) + -6 + -26)?
33
Calculate (-3 - 59) + -555 + 574.
-43
Calculate -4 + -18 - -117 - 37.
58
Calculate (161 + 60 - 147) + 2 + 15.
91
-13 + (1 - 36) - -41
-7
-5 + 45 + (39 - 51)
28
87 - (-4 + 30 + 48)
13
-37 + (31 - 54) + (12 - (-4 - -6))
-50
Evaluate -3 - -8 - (-2 + 1 + 0 + 48 + 7).
-49
What is (3228 - 3231) + (-1 - 0 - -1 - 40) + 0?
-43
30 + -6 + -18 - (34 + -17)
-11
Evaluate 819 - 883 - (-55 - 0).
-9
Evaluate (12 - -2) + 16 + (-12 - (11 - -1)).
6
Evaluate -88 - -123 - ((1 - -141) + -2).
-105
What is -7 - -1 - (0 - -32 - (219 + -209))?
-28
What is -43 - (-49 + -29 + 26)?
9
What is -15 - (-13 + 0 + 266 + -259) - (-19 + -3)?
13
What is the value of 7 + -2 + (42 - 34) + (0 - 13) - 43?
-43
-77 - -74 - (1 - (6 + -7))
-5
Calculate 25 - (13 - 3 - -34).
-19
What is (-14 - (33 + -8)) + (2 - ((5 - 9) + 2))?
-35
What is -45 - -30 - (32 + 26)?
-73
Evaluate -18 + -11 + -14 + 21 + 51.
29
-16 - (-222 + 241 - ((1 - 1) + 117))
82
Evaluate (0 + 0 - -8) + (-38 - 5 - (-35 - -80)).
-80
What is -28 + 27 + 92 + (-2 - -1) + (-3 - 6)?
81
Calculate 117 + (-243 - -140) + -50.
-36
What is the value of 5 - (-5 + 22 + -25 + 44)?
-31
What is the value of (-32 - (-23 - 40) - 49 - -21) + (-103 - -1)?
-99
What is the value of (47 - (32 - -20)) + 68?
63
(3 + (-4 - 0) - -2) + 50 + (-87 - -40)
4
Calculate (1 - (3 + 3 + 6 + -6)) + -28.
-33
-19 + 0 - -13 - (14 - -4)
-24
Evaluate -1 - (1 + 0) - (1 - -1) - (-50 - -24).
22
What is the value of -66 - -56 - (-24 + (6 - 4) + -1)?
13
Evaluate (47 - 75) + (8 - 0) + (-11 - -3).
-28
Calculate -1 + -49 + 12 + -7 + -3 + 3.
-45
Evaluate 4 + -18 + -3 - -21.
4
(9 - 1) + (-85 - (-264 - -184))
3
(-2 - -71) + -30 + 35 + -23
51
What is (5 + -22 - (-8 + 11)) + 103?
83
What is -160 - (-42 - (36 + -11))?
-93
36 + -49 + (-10 - (10 + -18))
-15
Evaluate -162 + 77 + (-29 - (15 + 2)).
-131
Evaluate (-11687 - -11587) + (120 - 1).
19
What is (-4 - -39) + -2 - (-9 + 20 + -13)?
35
-88 + -25 + 29 + -15 + 39
-60
(678 - 702) + (-13 - (-1 - -1)) + -5
-42
-11 + -2 + (18 - -7 - 6 - 9)
-3
1249 + -1249 - (-10 - 0)
10
What is (-7881 - -8005) + (-34 - -2)?
92
(-44 + 20 - 1) + 25 + 7
7
(84 - (-23 + 0 + 52)) + (11 - -1)
67
What is -30 + (8 - 39) + 14 + -26?
-73
-948 + 951 - (47 - 1)
-43
Calculate -3 + 4 - 22 - (7 + 25).
-53
-54 + (54 - (126 + -70))
-56
What is (-43 + 28 + 14 - -55) + -2 + -19?
33
What is the value of (1 - (37 - -2)) + (-3 - (25 - 26))?
-40
Calculate 0 + -39 + (-65 + 33 - -16).
-55
Calculate 1 + (-7 - (5 + -7)) + 62.
58
Calculate (12 - -30) + -73 - -51.
20
What is the value of 48 - (-5 + 1 - (-13 + 5 + 6))?
50
What is the value of -61 + 0 - (4 - 54)?
-11
What is the value of 14 - (12 - (55 + -32))?
25
What is 103 - (111 - (48 + 4))?
44
Calculate -13 + (11 - -12) - (-52 - 42).
104
What is (-32 - 8) + 30 + -1 + -53?
-64
(-7 - (2 + -12)) + -2 - (23 + -36 - -23)
-9
8 + 25 + (-26 - -27) + 13
47
37 + -33 + (-6 + 10 + -9 - 9) - 60
-70
What is -19 + 33 + 13 + (1 - (-1 - 1))?
30
What is (0 - (0 - -3) - (22 + 17)) + 15?
-27
What is the value of 8 + -4 - -5 - (680 + -730)?
59
What is the value of 41 + -3 + 21 + (25 - (11 - -22))?
51
Calculate -7 - 0 - (-57 - (3 + 0 - (7 - 0))).
46
Calculate -89 + 75 + -19 - -107.
74
What is -50 + 13 + 3 + 45 + (6 + 1 - 1)?
17
What is (-49 - -57 - (66 + 3)) + 20?
-41
(-38 - -21) + 2 + -9 + 58
34
What is 22 + -213 + 153 - (-1 + -6)?
-31
Evaluate 19 - 0 - ((-58 + 16 - -28) + 72).
-39
Evaluate -154 + 62 + 79 - (0 - 33).
20
Evaluate 44 + -34 - 6 - 7.
-3
Calculate -30 + 52 - (20 - 3) - -27.
32
What is (14 - (6 + 9 + 22)) + 50?
27
-14 + -1 - ((7 - 26) + (-4 - -8))
0
Evaluate -5 - -30 - 1 - (-16 + -11).
51
(-140 - -142 - (-5 + 24)) + 43
26
What is the value of (600 - 597) + 2 + (37 - 1)?
41
-18 - ((142 + -129 - 79) + 16 + 0)
32
Evaluate -1568 + 1374 + (-9 - -120).
-83
What is -30 - (-202 + 209) - (3 - 116)?
76
What is 12 + -8 + 4 + (-5 - (-10 - -2)) + 105?
116
What is the value of (-97 - 0) + (-23 + (26 - 18) + -20 - -22)?
-110
Calculate -90 + 46 - (11 - (-12 + 8)).
-59
-5 + (20 - 109 - 6) - (18 + (2 - 11))
-109
What is the value of (22 - (3 + -24)) + 12 + -16?
39
Calculate (0 - (-95 + -11 + (7 - 10) + -1)) + 4.
114
Evaluate 9 - (-351 + 341 - (1 - (1 + 4))).
15
What is the value of 34 + 4 + -2 + 0 + (-59 + 100 - 36)?
41
-135 - ((-15 - (28 - 35)) + -16)
-111
What is the value of 44 + -18 + 72 + -91?
7
What is the value of 46 + 6 - -8 - (5 + -6 + 3)?
58
What is (-13 - (-25 - -14)) + 1 + (-82 - 0) + 0?
-83
15 - (-7 - 88 - -87)
23
Evaluate -11 - (65 + 39 + -69).
-46
What is 1 + 0 + -648 + 652 + (83 - (6 + -3))?
85
Evaluate -45 + 5 + 40 + 13.
13
What is the value of (-37 - -76) + 1 + (-10 - 90)?
-60
-13 + 22 + (-9 - -4 - (-8 - -50))
-38
-3 - 32 - (-934 - -846)
53
What is the value of (-1 - 32 - (-34 - -31)) + 145 + -129?
-14
What is the value of (28 - (4 + -2)) + (24 - (24 + (16 - 13)))?
23
(-1 - -5) + (-100 - (8 + -118))
14
-1 + 28 - (-1465 - -1505)
-13
Evaluate -75 + 7 + (1 + -5 - (25 - (43 + -18))).
-72
Calculate 62 + (72 + 61 - 232).
-37
What is -69 + 53 + 9 - (0 - 17)?
10
What is -2 + (3 - (-77 - (-10 + -1 + 0 + 0)))?
67
30 + -24 + 10 - (5 - -38) - -7
-20
Calculate 55 + -2 - (-75 - -87) - (-1 + (6 - 5)).
41
What